(-2)/12 - y/102?
7, 13
Suppose 0 = -3*b - 3 + 33. Suppose -p + 3*z + 28 = 0, -2*p + 3*z = -3*p + b. List the prime factors of p.
19
Suppose -5995 + 864 = -7*v. What are the prime factors of v?
733
Let a be (23/(-46))/(14/16 + -1). Suppose a*r = 4*q - 196, -r = 4*q - 9*q + 245. List the prime factors of q.
7
Let b(j) = 980 - 997 + 3*j**2 + 0*j**2. List the prime factors of b(-5).
2, 29
Let w(m) be the second derivative of m**3/6 - 3*m. Let x be w(3). Suppose -x*y - 43 = -5*i, y = -3*i + 29 + 8. What are the prime factors of i?
11
Suppose 3*u - 7*u = -2*h + 56, -3*h + 104 = -u. Suppose h + 18 = 2*c. What are the prime factors of c?
3
Let g be (-1)/(-4)*(5 - -3). Let o be g + (-2)/((-8)/(-76)). Let k = o - -54. List the prime factors of k.
37
Let i(m) = 46*m - 34. Suppose 26 = -16*f + 106. List the prime factors of i(f).
2, 7
Let c(l) = 2*l**2 - 4*l + 6. Let o be c(10). Suppose z - 78 = -z + q, 4*z - o = -3*q. Let d = z + -17. List the prime factors of d.
23
Let l be (-6)/4 + 3/(-6). Let s be 28/(-8) - 3/l. What are the prime factors of (-328)/(-18) - s/(-9)?
2, 3
Suppose 37*k - 52142 = 98559. List the prime factors of k.
4073
Let g(m) = 62*m - 1. Let n be g(-2). Let z = n - -180. What are the prime factors of z?
5, 11
Suppose w + 3*p + 11 - 481 = 0, -w + 458 = -3*p. List the prime factors of w.
2, 29
Let m be -3 + -1 + 1066/2. Suppose -4*a + 151 + m = 0. Suppose -n + 3*w = -16, 8*n - a = 3*n - 3*w. List the prime factors of n.
31
Suppose 10*i - 332 = 6*i. Suppose -37 = -2*x + i. What are the prime factors of x?
2, 3, 5
Let m(u) = u**2 + 18*u - 3. Let r(p) = -p**2 - 17*p + 2. Let c = 3 - -2. Let n(f) = c*m(f) + 6*r(f). List the prime factors of n(-9).
2, 3
Suppose -22*q + 20*q + 4 = 0. Suppose 3*s + y - q*y - 82 = 0, -5*y + 170 = 5*s. What are the prime factors of s?
29
Suppose -3*u = -7*u - 20, -4*r + 3*u = -71. Suppose r = 3*y + 2. What are the prime factors of y?
2
Suppose 0 = -2*a - 4*g + 2*g + 2, -19 = -3*a + 5*g. Suppose j - n - 62 = 0, -2*n - a = n. List the prime factors of j.
61
Let j(n) = n**3 - 3*n**2 - 12*n + 26. List the prime factors of j(11).
2, 431
Let l(d) = 7*d + 1. Let n be l(22). Suppose -a + p = -n, -p = -4*a - 0*p + 629. List the prime factors of a.
2, 79
Let f = -1054 - -1741. List the prime factors of f.
3, 229
Suppose 24*b - 3141 = -i + 26*b, 0 = -5*i - 4*b + 15635. What are the prime factors of i?
31, 101
Suppose -29*o - 1349 + 8396 = 0. List the prime factors of o.
3
Let x(h) = h**2 - 2*h - 1. Let q be x(-8). Let o = q + -37. List the prime factors of o.
2, 3, 7
Let j(g) = 3 - 5*g - 65*g + 8*g. What are the prime factors of j(-2)?
127
Let d be 4/3*(-18)/(-8). Let c(a) = a**2 - a + 2. Let t be c(d). Let k(n) = n**3 - 8*n**2 + 4*n + 6. What are the prime factors of k(t)?
2, 19
Let u = -26 - -56. Let s = u + -11. What are the prime factors of (-3)/(-6)*-4 + s?
17
Let h(a) = 8*a**2 - 4*a + 16. List the prime factors of h(6).
2, 5, 7
Let n be (60/2)/((-4)/(-2)). Suppose -2*x - n = -m, -4*x + 36 = 4*m - 0*m. Let v = m - -4. List the prime factors of v.
3, 5
Let b be 9/(-1)*(2 - (-150)/(-9)). Suppose 3*n - 49 - 75 = -4*r, 3*r = 4*n - b. List the prime factors of n.
2, 3
Let b(x) = 2*x - 8. Let m be b(-10). Let r be 2*(m/(-8) + -1). Suppose -j - r*j = -126. What are the prime factors of j?
3, 7
Suppose -5*y + 11 = -14. Let j be 34/12 - y/(-30). Suppose -5*i = -j*l - 166, 2*i - 4*l = -0*l + 58. What are the prime factors of i?
5, 7
Let c = 4 + -4. Let t be -10*(c - (-12)/(-8)). Suppose 116 = -t*d + 19*d. What are the prime factors of d?
29
Let i = 4424 + -3105. What are the prime factors of i?
1319
Let t(y) = -y**3 + 9*y**2 - 7*y - 2. Suppose 6*r = r + 25. Let n be t(r). Suppose -3*m + 21 = -n. List the prime factors of m.
2, 7
Let n be (5 - 6)*(1 - 3). Suppose 4*j + 9 + 27 = 0. Let f = n - j. List the prime factors of f.
11
Let p = 303 - 130. What are the prime factors of p?
173
Let j(g) be the third derivative of g**5/60 - 23*g**3/6 + 10*g**2. List the prime factors of j(-11).
2, 7
Let y = 1574 - -26. What are the prime factors of y?
2, 5
Suppose 3*v + 15 = 39. Suppose 0 = -r + v - 3, -n + 40 = -2*r. What are the prime factors of n?
2, 5
Let z(c) = 15*c - 7*c - 1 - 8*c + 27*c. List the prime factors of z(6).
7, 23
List the prime factors of (-7)/2*(-120)/70 + 2493.
3, 7, 17
Let h be (-17 - -17)/(-3 + 0). Suppose 0 = 5*x + 2*c - 28, 0 = 2*x - x - c. Suppose x*r - 177 = -5*b, 0*b + 3*b - 3 = h. List the prime factors of r.
43
Let p(q) = 4*q**2 - 15*q + 3. What are the prime factors of p(6)?
3, 19
Let q(w) = -2*w - 3. Let m(v) = -v**2 + 9*v + 4. Let z be m(9). Suppose -k + g - 2 = 2, z*k + g = -26. List the prime factors of q(k).
3
Let u(g) = -g**3 + 4*g**2 + 13*g + 8. Let q = -29 + 35. List the prime factors of u(q).
2, 7
Let b = -48 - -117. Let a = b + 0. Suppose -5*k + 66 = -a. List the prime factors of k.
3
Let b = 14 - 9. Suppose -b*y + 26 = 1. List the prime factors of 278/y - (-18)/45.
2, 7
Let y be 8 + (-3 + -3 - -3). Suppose 0 - 4 = 3*w - y*z, -3*w + 2*z = -11. Let s(i) = i**3 - 7*i**2 + 4*i - 1. List the prime factors of s(w).
3
Let z(n) = -n - 4. Let i be z(-6). Suppose i*c = 14 - 4. List the prime factors of c.
5
What are the prime factors of (-68469)/(-13) + (20/65)/2?
23, 229
What are the prime factors of ((-1097652)/(-615))/(4/10)?
2, 23, 97
Let x = 207 + 45. List the prime factors of x.
2, 3, 7
What are the prime factors of (((-2020)/6)/5)/(4/(-6))?
101
Suppose 0 = -9*m + 13*m + 2*j - 6646, -3*m + j + 4982 = 0. List the prime factors of m.
11, 151
Suppose -2*p - 3*v + 66 + 137 = 0, 3*p - 3*v - 282 = 0. List the prime factors of p.
97
Let w = -42 + 44. Suppose 3*y + 3*r = -w*y + 591, -4*y - 3*r = -474. What are the prime factors of y?
3, 13
Suppose 0 = -p + 4 + 28. Suppose -5*o + p = -53. List the prime factors of o.
17
Let p be 1 + 9/(-6)*6. List the prime factors of 108/p*50/(-15).
3, 5
Let g = 53 - 48. Suppose 4*t + 72 + 37 = 3*k, g*t = 2*k - 61. List the prime factors of k.
43
Let x = 37 + -32. List the prime factors of 48 + ((-4)/2 - (-5 + x)).
2, 23
Suppose 3*s - 5*r = 4904, 4*s - 8190 = -s + 5*r. List the prime factors of s.
31, 53
Let n(h) = h**2 + 4. Let l be n(0). Let r(w) = 9*w - 8 - 2 - 5 + 12. List the prime factors of r(l).
3, 11
Suppose -4*y + 770 = -3*i + 5*i, -3 = -i. List the prime factors of y.
191
Suppose v = 2*v. Suppose 2*y = v, -3*d + 495 = -0*y - 3*y. What are the prime factors of d?
3, 5, 11
Let g = -14 + 16. Suppose -g*v + 93 - 31 = 0. What are the prime factors of v?
31
List the prime factors of 200 - (-3 - (-4 - 3)).
2, 7
Let f(y) = y**2 + y. Let l = -15 - -16. Let k be f(l). Suppose 2*v + 5*z = v + 59, k*v + 3*z - 97 = 0. What are the prime factors of v?
2, 11
What are the prime factors of 138/(-414) - (-3)/((-9)/(-274))?
7, 13
Let i = 1 - -37. Suppose -i = -2*t + 30. List the prime factors of t.
2, 17
Let y(c) = 59*c - 91. What are the prime factors of y(28)?
7, 223
Let t be 4/18 + 1160/(-36). Let u = t - -60. List the prime factors of u.
2, 7
Suppose -10*a = -213 - 1607. Let y(g) = g**3 + 9*g**2 - 2*g + 4. Let i be y(-5). Let q = a - i. What are the prime factors of q?
2, 17
Let d be 9 + -10 + -1 + 2. Suppose 2*l - 19 + 13 = d. What are the prime factors of l/(-4) - (-652)/16?
2, 5
Let h = 137 + 1714. List the prime factors of h.
3, 617
Suppose 11 = 3*f - 109. Let n be (f/4)/(2/1). Suppose d - n*d = -44. List the prime factors of d.
11
Let x(u) = 2*u - 1. Let z be x(2). Let d(n) = 340779*n**2 - 340779*n**2 + 7 + 2*n**3. What are the prime factors of d(z)?
61
Suppose 3*n - 1250 = -7*n. List the prime factors of n.
5
Let m be 2 + -2 + (8/1 - 1). Suppose 0 = -2*i + 107 - m. List the prime factors of i.
2, 5
Let i = -23 + 35. Suppose q + s + s - i = 0, 0 = -4*q + 5*s - 4. List the prime factors of (q - 2) + 20 + -4.
2, 3
Suppose -2*w = 10, 10*s = 6*s + 3*w + 4491. List the prime factors of s.
3, 373
Let t(h) = h**2 + 6. Let o(m) = 2*m**2 + m + 11. Let z(s) = 6*o(s) - 13*t(s). Let n be z(6). What are the prime factors of (-104)/n*(-3)/(-2)?
13
List the prime factors of -5*(-4)/(-30)*-3 + 3013.
3, 5, 67
Let c(d) = 2*d + 6. Let i be c(-7). Let w(s) = 2*s**2 - 10*s + 7. Let v be w(i). Suppose -2*n = -7*n + v. What are the prime factors of n?
43
Let j be 6/(-21) - 415/(-7). Let g(l) = 9*l 